1965027 prime?
False
Is 3900097 a composite number?
False
Is 2014993 composite?
True
Is 3654787 a composite number?
False
Is 6453383 prime?
False
Is 978611 a composite number?
False
Is 116458187 a composite number?
False
Is 1589053 composite?
False
Is 14453207 prime?
True
Is 4157983 prime?
False
Is 127763 prime?
True
Is 984583 a prime number?
True
Is 97878043 composite?
False
Is 88819343 a prime number?
True
Is 270742291 a prime number?
True
Is 9977389 composite?
False
Is 410127653 prime?
False
Is 54138257 a prime number?
True
Is 33075089 a composite number?
False
Is 1103025929 a prime number?
True
Is 42550843 a prime number?
False
Is 16225333 a composite number?
False
Is 2560594 composite?
True
Is 4218919 prime?
False
Is 32587799 composite?
True
Is 979669 prime?
False
Is 324479 a prime number?
False
Is 15837062 prime?
False
Is 15573991 a prime number?
True
Is 4472191 a composite number?
True
Is 30197221 prime?
True
Is 1770887 a prime number?
True
Is 60548291 composite?
True
Is 10411187 prime?
False
Is 18832673 a prime number?
False
Is 155627 a composite number?
False
Is 5056483 prime?
False
Is 93107213 a prime number?
True
Is 1903697 prime?
False
Is 6858587 a prime number?
False
Is 5735857 a prime number?
True
Is 3292307 prime?
False
Is 49979803 composite?
True
Is 531282201 a composite number?
True
Is 13369399 composite?
False
Is 131553809 prime?
False
Is 27182845 prime?
False
Is 1879447 a prime number?
False
Is 727457 composite?
True
Is 93222023 a composite number?
True
Is 105867469 a prime number?
False
Is 41511271 a composite number?
True
Is 41375099 a prime number?
True
Is 15492641 a prime number?
False
Is 537818777 composite?
False
Is 133488197 a prime number?
True
Is 193926167 a prime number?
False
Is 5147531 a prime number?
True
Is 592967 a composite number?
False
Is 23610723 a prime number?
False
Is 25075319 composite?
False
Is 6572045 prime?
False
Is 6372967 a composite number?
False
Is 10064843 a prime number?
False
Is 17701681 a composite number?
True
Is 127035791 a composite number?
True
Is 116784497 a composite number?
True
Is 213146411 a prime number?
False
Is 110137085 a prime number?
False
Is 76719089 prime?
False
Is 37032871 a composite number?
False
Is 23848801 a composite number?
False
Is 3256853 prime?
False
Is 67097309 composite?
True
Is 12697439 a prime number?
False
Is 1703251 a composite number?
True
Is 1996387967 prime?
False
Is 24265778 prime?
False
Is 3646331 a composite number?
True
Is 35840345 a prime number?
False
Is 33821929 a composite number?
True
Is 4693103 prime?
True
Is 9054007 composite?
False
Is 3797327 a prime number?
True
Is 3368661 composite?
True
Is 12524077 prime?
True
Is 288453101 prime?
True
Is 260921 a composite number?
False
Is 20743 a composite number?
False
Is 2232106 a composite number?
True
Is 8898653 prime?
True
Is 161451539 prime?
False
Is 14525863 prime?
False
Is 52573699 a composite number?
True
Is 1447493 a composite number?
True
Is 8047007 prime?
False
Is 85372489 a composite number?
True
Is 53754593 composite?
False
Is 6729083 prime?
True
Is 9101765 a composite number?
True
Is 18186871 composite?
False
Is 3139679 composite?
True
Is 1594387 a prime number?
True
Is 22667509 prime?
False
Is 670937 a composite number?
True
Is 957487 composite?
True
Is 5256613 composite?
False
Is 21215053 a prime number?
True
Is 4840351 composite?
True
Is 83224573 a composite number?
False
Is 2917479 composite?
True
Is 1551343 a composite number?
False
Is 205019 a prime number?
True
Is 21853397 composite?
True
Is 6780931 prime?
True
Is 2284109 composite?
False
Is 534839 prime?
True
Is 4497971 a composite number?
True
Is 383963 prime?
True
Is 11503343 a prime number?
False
Is 9225173 composite?
True
Is 3383741 prime?
True
Is 725507 composite?
False
Is 243411653 prime?
False
Is 3274141 a composite number?
True
Is 121181 composite?
False
Is 28256099 prime?
True
Is 19205353 a composite number?
True
Is 7489681 a composite number?
False
Is 193130621 composite?
True
Is 3386881 a composite number?
True
Is 48555313 composite?
False
Is 24580463 a composite number?
False
Is 3596269 prime?
False
Is 2120603 a composite number?
True
Is 2763659 a prime number?
True
Is 109219637 a prime number?
True
Is 86922403 a composite number?
True
Is 336642997 a composite number?
False
Is 2802698 a composite number?
True
Is 118100627 prime?
False
Is 9382907 a prime number?
False
Is 2263579 composite?
False
Is 9335311 a composite number?
True
Is 5773486 a prime number?
False
Is 9883109 a composite number?
True
Is 57544831 a prime number?
True
Is 4067467 a composite number?
False
Is 92744867 a composite number?
False
Is 4132097 composite?
False
Is 187017953 a composite number?
True
Is 11112901 prime?
True
Is 28732454 prime?
False
Is 18445177 prime?
True
Is 124832093 a composite number?
False
Is 374146117 composite?
True
Is 7302529 a composite number?
True
Is 5944313 prime?
True
Is 10844023 a composite number?
True
Is 199361137 prime?
True
Is 33389617 composite?
False
Is 991498 composite?
True
Is 63385753 a prime number?
True
Is 857221 prime?
True
Is 60960259 a prime number?
True
Is 19648081 composite?
False
Is 15851923 composite?
False
Is 30003737 a prime number?
False
Is 331452521 composite?
True
Is 5428607 a composite number?
False
Is 117851 a prime number?
True
Is 20381759 a composite number?
True
Is 9245569 prime?
False
Is 125079991 a prime number?
False
Is 1942543 composite?
False
Is 3260881 composite?
True
Is 833923 composite?
False
Is 2316707 prime?
True
Is 76915767 a prime number?
False
Is 1076672185 a prime number?
False
Is 88805515 a prime number?
False
Is 4899547 composite?
False
Is 192021373 a composite number?
True
Is 12822941 a prime number?
True
Is 41881611 a composite number?
True
Is 123974567 prime?
True
Is 26896061 composite?
True
Is 1921427 prime?
True
Is 3109807 a composite number?
True
Is 4768937 prime?
True
Is 553013 a prime number?
True
Is 17674553 composite?
True
Is 2357189 composite?
False
Is 85366891 a composite number?
False
Is 15039049 composite?
False
Is 3932897 prime?
True
Is 485267 composite?
True
Is 14522171 prime?
True
Is 892513 composite?
False
Is 33395 composite?
True
Is 65002403 a prime number?
False
Is 2536829 composite?
True
Is 25313813 a composite number?
True
Is 6420343 a composite number?
False
Is 1836467 composite?
False
Is 1486169 a composite number?
True
Is 4093599 a composite number?
True
Is 222327529 a composite number?
False
Is 116579311 composite?
True
Is 40998301 composite?
False
Is 2698261 a composite number?
False
Is 107167127 prime?
True
Is 269402017 a composite number?
True
Is 782671 a composite number?
False
Is 48043403 composite?
True
Is 3622649 composite?
True
Is 15773995 a prime number?
False
Is 130459 a prime number?
False
Is 1366593 prime?
False
Is 74927293 a prime number?
False
Is 3547981 a composite number?
True
Is 40957831 composite?
True
Is 14529761 composite?
False
Is 172521641 a composite number?
True
Is 724277 composite?
False
Is 10525657 a prime number?
True
Is 590102693 a composite number?
True
Is 10838369 a prime number?
False
Is 30120446 a prime number?
False
Is 11057743 composite?
False
Is 7640471 composite?
False
Is 897133 a composite number?
False
Is 500551 composite?
True
Is 28897669 a prime number?
False
Is 175577 a prime number?
False
Is 9813343 composite?
False
Is 859408295 composite?
True
Is 13270867 composite?
False
Is 111321905 a composite number?
True
Is 106372817 composite?
True
Is 10777493 a composite number?
False
Is 21314893 a composite number?
False
Is 67603 a prime number?
False
Is 5128787 a composite number?
True
Is 2034671 a composite number?
False
Is 562546 a composite number?
True
Is 68696567 a prime number?
False
Is 104652617 composite?
False
Is 5894417 composite?
True
Is 263561 prime?
True
Is 16444553 composite?
False
Is 157252169 composite?
True
Is 22849841 a composite number?
True
Is 188249 composite?
False
Is 249409 composite?
True
Is 2023067 a prime number?
True
Is 51319669 prime?
True
Is 195715249 prime?
False
Is 9831169 a prime number?
False
Is 13503311 prime?
True
Is 30109 prime?
True
Is 4354627 prime?
True
Is 37659311 a composite number?
True
Is 31938131 a composite number?
True
Is 3490943 a prime number?
False
Is 16712081 a composi